c, -4*c - 8 = 0. What is the units digit of y/6 - (-2)/(-6)?
8
Let d = -17 - -523. What is the hundreds digit of d?
5
Let y = 35 - 37. Let i = 2 - y. What is the tens digit of ((-6)/8)/(i/(-96))?
1
Let j(c) be the second derivative of -29*c**3/3 - 19*c**2/2 + 11*c. What is the hundreds digit of j(-5)?
2
Suppose 6 = 3*n + 3*t, 5*n - t - 16 = -0*n. Suppose 15 = n*q + 2*q. Let y(i) = 2*i**2 - 2*i + 4. What is the units digit of y(q)?
6
Let v = -1599 + 2631. What is the tens digit of v?
3
Let h(g) = -g**3 + 15*g**2 - 5*g - 2. Let r be 5*(0 + 56/20). What is the tens digit of h(r)?
2
Suppose 14 + 10 = 3*c. Suppose -2*y = 1 - 5. Let k = y + c. What is the units digit of k?
0
Suppose 4*q = 4*z + 3265 - 16629, -2*z + 6684 = -4*q. What is the thousands digit of z?
3
Suppose -14801 = -4*c + 3*w, -3*c - 20*w = -21*w - 11102. What is the tens digit of c?
0
Let r be ((-2)/(6 + 0))/(21/(-14049)). Let b = r + -106. What is the hundreds digit of b?
1
Let l = 260 + -165. Let k = l + -23. What is the tens digit of k?
7
Let m(g) = 5*g + 130. What is the units digit of m(-14)?
0
Let k = 259 + 253. What is the units digit of k?
2
Suppose 2*n - 27 = j + 125, -444 = 3*j - 3*n. Let a = -126 - j. What is the units digit of a?
8
Suppose -i + 3188 = 3*h, -6*h + h - 9550 = -3*i. What is the tens digit of i?
8
Let y(d) = -23*d - 9. Let t be y(8). Let n = 314 + t. What is the hundreds digit of n?
1
Suppose 0 = -5*y + 823 + 127. What is the units digit of -3 - (y + -1)/(-3)?
0
What is the units digit of 4/(-28) + -3*(-3408)/28?
5
Let b(g) = 149*g**3 - 1. Let t be b(1). Suppose -9*k = -131 - t. What is the tens digit of k?
3
Suppose 8*r - 4*r - 752 = 0. Suppose -3*h + r = h. What is the units digit of h?
7
Suppose -144 = 3*w - 3*z, -z + 15 = -2*w - 78. Let k be (-7)/(-9) - 10/w. What is the units digit of (k + -2)*1 - -17?
6
Let r(s) = s + 8. Let f(z) = -2*z - 15. Let o(u) = 6*f(u) + 11*r(u). Let q be o(-3). What is the units digit of q/(-2)*(-84)/7?
6
Let u be ((-153)/(-18) + -8)*(-6 - 0). Let b(h) = -7*h**3 - 6*h**2 - 3*h + 1. What is the hundreds digit of b(u)?
1
Suppose -5*v = 2*r - 5469 + 642, v - 3*r = 979. What is the tens digit of v?
6
Let j = -367 + 932. What is the units digit of j?
5
Suppose y = 5*y - 784. Suppose 0 = d - 3*d + y. Suppose 3*i - d = i. What is the units digit of i?
9
Suppose -5*p = -4*f - 20, -6*p = 4*f - 2*p - 16. Let i be f + -3 + 4 + 17. What is the units digit of ((-9)/(i/292))/(-2)?
3
Let l = 332 - -1010. What is the hundreds digit of l?
3
Suppose 0 = -4*m - 3*k + 2849, -m - 5*k - 3535 = -6*m. What is the units digit of m?
0
Let m(l) = -2 + 7*l - 3*l**3 + 7 - 40*l**2 + 39*l**2. What is the units digit of m(-3)?
6
What is the tens digit of (-24)/20 + 49024/20 + 0?
5
Suppose 5*j = -5*o - 30, 4*o - 6*j + j + 42 = 0. Let b be o/(-5) + (-18)/(-45). Let z = 46 + b. What is the tens digit of z?
4
What is the tens digit of (-4)/(-22) + (-646526)/(-781)?
2
Suppose -q - 3*q + 12 = 0. Suppose q*m = -3*m + 648. Suppose m - 368 = -4*o. What is the units digit of o?
5
Let y be 90/12*12/10. Suppose -y = -5*q + 1. What is the tens digit of (17 - (3 - 3))*q?
3
Suppose 3*j + 66 = -3*v, 3*j - v = j - 35. What is the tens digit of (j - -9)/(2/(-8))?
4
Let m(l) = -12*l**2 + 2*l + 9. Let n be m(3). Let p = n + 118. What is the units digit of p?
5
Let k = 45 + -31. Suppose 1551 = k*p - 3*p. What is the tens digit of p?
4
What is the tens digit of -427*(5 + 333/(-63))?
2
Let j be 16 + -15 - (-1 + 9). Let x = j + 14. Suppose 9*p = x*p + 54. What is the tens digit of p?
2
Suppose -2*p - p = -150. Suppose -4*t = 5*j - 82, 0 = 3*t - 4*j + 2*j - p. Let q = t - 14. What is the units digit of q?
4
Let u(f) = 4*f - 1. Suppose -2*d + 20 = -7*d, -2*a + 10 = -2*d. Let b be u(a). Suppose 0 = -3*z - 15, -n - z + 14 = b. What is the tens digit of n?
1
Let d(w) = -73*w + 7 + 22*w + 25*w + 25*w. Suppose 2*p = -2 + 14. What is the units digit of d(p)?
1
Suppose 3*v = 4*t - 47, 22 + 1 = -v + 5*t. Let x = v - -19. Suppose 5*g - 104 - x = 0. What is the tens digit of g?
2
Let j be (1 + 0)/((-8)/(-88)). Let n(l) = -6*l + 22 + 13*l - l**2 + 0 + 7*l. What is the tens digit of n(j)?
5
What is the units digit of (2685/(-3 + 0))/(15 - 16)?
5
Suppose 0 = 4*d - 0*r - 5*r - 2968, -r + 2207 = 3*d. What is the tens digit of d?
3
Let s(o) = -236*o**2 + o - 3. Let n be s(1). Let w = n + 348. What is the units digit of w?
0
Let b(m) = -13*m - 1. Let j be b(-2). Suppose -5*l + 2*c = 5, -5*l + 0*c + j = 4*c. What is the tens digit of 3/9*48/l?
1
Suppose 4*t - 67 = -67. Suppose -972 = -6*j - t*j. What is the tens digit of j?
6
Suppose -8*n + n = -56. Let g(a) = -9*a + 12. Let x(v) = -8*v + 12. Let r(c) = 2*g(c) - 3*x(c). What is the units digit of r(n)?
6
Suppose -36*v = -51*v + 48075. What is the tens digit of v?
0
Suppose -8 - 4 = -4*m. Suppose -5*j = -m*j - 148. What is the tens digit of j?
7
Suppose 8*d + 21 = -3. Let y = 12 + d. What is the units digit of y?
9
Let h(s) = 2*s**2 + 4*s + 11. Let k be 891/189 - (-1)/7*2. What is the tens digit of h(k)?
8
Suppose 4*l - 26 = -6. Suppose 0 - 10 = l*r. What is the units digit of (r + 20/4)*5?
5
Suppose i + 4 = -6. Let c(b) = -3*b**2 - 9*b + 2. Let v be c(i). What is the units digit of 9/6*v/(-12)?
6
Let m = -10 + 13. Let q(o) = o**2 - o - 3. What is the units digit of q(m)?
3
Let l be -1*-3*8/12. Let d = -11 + 15. Suppose l*k = u + 4*k - 16, -d*k = 16. What is the units digit of u?
4
Let c(h) = -h**3 + 26*h**2 + 48*h - 72. What is the tens digit of c(26)?
7
Let y = -90 + 450. Suppose 2 = i, -4*b + 9*b - y = -5*i. Let w = b - 46. What is the units digit of w?
4
Let x(c) = c**3 - 8*c**2 - 5*c - 28. Let r be x(9). What is the tens digit of (4/r)/((-2)/(-400)) + -1?
9
Suppose 2*k - 6 = 12. Suppose 0 = -k*u + u + 1544. What is the hundreds digit of u?
1
Let y(b) = 2*b**2 - 3*b - 14. Let n be y(10). Suppose -6*m + n = -4*m. What is the units digit of m?
8
Let c(z) = z + 7. Let d be c(-4). Let j be (13/(-2) + 12 + -6)*-4. Suppose -k - d = -j*k. What is the units digit of k?
3
Let z(m) = -m**2 - 29*m - 51. What is the tens digit of z(-10)?
3
Let v(p) be the third derivative of p**5/5 + 13*p**4/24 - 5*p**3/6 + 2*p**2. Let f be v(5). Suppose b - 5 = -4*b, -f = -5*d - 5*b. What is the tens digit of d?
7
Let l(t) be the second derivative of 41*t**5/20 + t**4/12 - t**3/6 - 2*t. Let q be (-3 + 5)*(-2)/(-4). What is the tens digit of l(q)?
4
Let t = 551 + -186. What is the units digit of t?
5
Let g = -2 + -28. What is the units digit of (45/g)/((-3)/86)?
3
Let q(l) be the first derivative of -7*l**2/2 - 6*l - 2. What is the units digit of q(-8)?
0
Let n(i) = -i**2 + 3*i + 1. Let h be n(4). What is the tens digit of -5 + (-12)/h - -43?
4
Suppose 0*n + 3*n = 0. Suppose -3*d + d - 2*k + 12 = n, -2*k + 9 = d. Suppose 0 = 4*p - d*g - 100, 5*g + 128 = 5*p + 2*g. What is the tens digit of p?
2
Let u(k) = 9*k + 40. Let m(p) = -10*p - 41. Let z(t) = -4*m(t) - 5*u(t). What is the tens digit of z(-15)?
3
What is the tens digit of 229/1 - (61 + -64)?
3
Suppose 14 - 10 = -2*q. What is the units digit of (q + -2)*1 - -38?
4
Suppose -5*d - 74 = 3*q, d + 2*q - 3*q + 10 = 0. Let b(h) = -3*h + 29. What is the tens digit of b(d)?
6
Let x = -47 + 42. Let k(g) = g. Let c(v) = -4*v + 15. Let w(d) = c(d) + 5*k(d). What is the units digit of w(x)?
0
Let n(q) = -5*q - 8. Let l be n(-6). Suppose -4*s = a - 0*s - 87, 0 = -3*a + 4*s + 181. Suppose o - a = -l. What is the units digit of o?
5
Suppose -2*u + 16 = 2*u. Suppose u*q = v + 38, -q + 1 = 2*v - 4. Suppose 27 = 3*t - q. What is the units digit of t?
2
Let k(w) = 4*w - 63. What is the units digit of k(34)?
3
Suppose 0 = 10*s - 11*s. Let b be s + 1 + -4 + 5. What is the tens digit of 0 + 36 + -5 + b?
3
Suppose -4*y - 3*a + 2713 = 0, -2*y - a = -880 - 477. What is the hundreds digit of y?
6
Suppose 0 = 3*k - 63 + 18. Let m(q) = -k - 11 - 5*q + 2. What is the units digit of m(-8)?
6
Let n = 40 + -20. Let g be 16/120*-6*-285. What is the tens digit of g/n + (-4)/10?
1
Let o(s) = -1263*s - 158. What is the thousands digit of o(-2)?
2
Suppose 1282 = z - 7*p + 6*p, 3*z + p - 3854 = 0. What is the hundreds digit of z?
2
Let d(z) = -z**3 + 3*z**2 - 3*z + 3. Let v(h) = -h**2 + 11*h - 22. Let b be v(8). What is the units digit of d(b)?
1
Let y(o) =